{"version":"1.0","provider_name":"Historias que inspiran...","provider_url":"https:\/\/somos-hermanos.mx","author_name":"Jes\u00fas Arizmendi","author_url":"https:\/\/somos-hermanos.mx\/index.php\/author\/jesus-arizmendi\/","title":"Soriana Fundaci\u00f3n mejora la nutrici\u00f3n en APAC - Historias que inspiran...","type":"rich","width":600,"height":338,"html":"<blockquote class=\"wp-embedded-content\" data-secret=\"UIedxEj4Nv\"><a href=\"https:\/\/somos-hermanos.mx\/index.php\/2025\/08\/04\/soriana-fundacion-mejora-la-nutricion-en-apac\/\">Soriana Fundaci\u00f3n mejora la nutrici\u00f3n en APAC<\/a><\/blockquote><iframe sandbox=\"allow-scripts\" security=\"restricted\" src=\"https:\/\/somos-hermanos.mx\/index.php\/2025\/08\/04\/soriana-fundacion-mejora-la-nutricion-en-apac\/embed\/#?secret=UIedxEj4Nv\" width=\"600\" height=\"338\" title=\"&#8220;Soriana Fundaci\u00f3n mejora la nutrici\u00f3n en APAC&#8221; &#8212; Historias que inspiran...\" data-secret=\"UIedxEj4Nv\" frameborder=\"0\" marginwidth=\"0\" marginheight=\"0\" scrolling=\"no\" class=\"wp-embedded-content\"><\/iframe><script>\n\/*! This file is auto-generated *\/\n!function(d,l){\"use strict\";l.querySelector&&d.addEventListener&&\"undefined\"!=typeof URL&&(d.wp=d.wp||{},d.wp.receiveEmbedMessage||(d.wp.receiveEmbedMessage=function(e){var t=e.data;if((t||t.secret||t.message||t.value)&&!\/[^a-zA-Z0-9]\/.test(t.secret)){for(var s,r,n,a=l.querySelectorAll('iframe[data-secret=\"'+t.secret+'\"]'),o=l.querySelectorAll('blockquote[data-secret=\"'+t.secret+'\"]'),c=new RegExp(\"^https?:$\",\"i\"),i=0;i<o.length;i++)o[i].style.display=\"none\";for(i=0;i<a.length;i++)s=a[i],e.source===s.contentWindow&&(s.removeAttribute(\"style\"),\"height\"===t.message?(1e3<(r=parseInt(t.value,10))?r=1e3:~~r<200&&(r=200),s.height=r):\"link\"===t.message&&(r=new URL(s.getAttribute(\"src\")),n=new URL(t.value),c.test(n.protocol))&&n.host===r.host&&l.activeElement===s&&(d.top.location.href=t.value))}},d.addEventListener(\"message\",d.wp.receiveEmbedMessage,!1),l.addEventListener(\"DOMContentLoaded\",function(){for(var e,t,s=l.querySelectorAll(\"iframe.wp-embedded-content\"),r=0;r<s.length;r++)(t=(e=s[r]).getAttribute(\"data-secret\"))||(t=Math.random().toString(36).substring(2,12),e.src+=\"#?secret=\"+t,e.setAttribute(\"data-secret\",t)),e.contentWindow.postMessage({message:\"ready\",secret:t},\"*\")},!1)))}(window,document);\n\/\/# sourceURL=https:\/\/somos-hermanos.mx\/wp-includes\/js\/wp-embed.min.js\n<\/script>\n","thumbnail_url":"https:\/\/somos-hermanos.mx\/wp-content\/uploads\/2025\/08\/apacso1.jpeg","thumbnail_width":1500,"thumbnail_height":1000,"description":"Durante\u00a0todo\u00a0el\u00a0mes\u00a0de\u00a0julio,\u00a0APAC\u00a0participa\u00a0en\u00a0la Campa\u00f1a\u00a0de\u00a0Aportaci\u00f3n\u00a0de\u00a0Soriana\u00a0Fundaci\u00f3n, que se lleva a cabo en tiendas del Estado de M\u00e9xico y Ciudad de M\u00e9xico. Esta colaboraci\u00f3n permitir\u00e1 fortalecer los servicios de nutrici\u00f3n para beneficiarias y beneficiarios con par\u00e1lisis cerebral y discapacidades afines. La\u00a0campa\u00f1a\u00a0tiene\u00a0como\u00a0objetivo\u00a0sensibilizar\u00a0a\u00a0las\u00a0personas\u00a0compradoras\u00a0para\u00a0sumar\u00a0su apoyo\u00a0a\u00a0una\u00a0causa\u00a0que\u00a0impacta\u00a0directamente\u00a0en\u00a0la\u00a0calidad\u00a0de\u00a0vida\u00a0de\u00a0ni\u00f1as,\u00a0ni\u00f1os,\u00a0j\u00f3venes\u00a0y personas\u00a0adultas.\u00a0Los\u00a0recursos\u00a0recaudados\u00a0se\u00a0destinar\u00e1n\u00a0a\u00a0brindar\u00a0servicios\u00a0de\u00a0nutrici\u00f3n esenciales parte fundamental de la atenci\u00f3n integral que APAC ofrece a sus beneficiarias y beneficiarios. \u201cEn APAC, [&hellip;]"}

Jesús Arizmendi

Soriana Fundación mejora la nutrición en APAC - Historias que inspiran...

<blockquote class="wp-embedded-content" data-secret="UIedxEj4Nv"><a href="https://somos-hermanos.mx/index.php/2025/08/04/soriana-fundacion-mejora-la-nutricion-en-apac/">Soriana Fundación mejora la nutrición en APAC</a></blockquote><iframe sandbox="allow-scripts" security="restricted" src="https://somos-hermanos.mx/index.php/2025/08/04/soriana-fundacion-mejora-la-nutricion-en-apac/embed/#?secret=UIedxEj4Nv" width="600" height="338" title="&#8220;Soriana Fundación mejora la nutrición en APAC&#8221; &#8212; Historias que inspiran..." data-secret="UIedxEj4Nv" frameborder="0" marginwidth="0" marginheight="0" scrolling="no" class="wp-embedded-content"></iframe><script>
/*! This file is auto-generated */
!function(d,l){"use strict";l.querySelector&&d.addEventListener&&"undefined"!=typeof URL&&(d.wp=d.wp||{},d.wp.receiveEmbedMessage||(d.wp.receiveEmbedMessage=function(e){var t=e.data;if((t||t.secret||t.message||t.value)&&!/[^a-zA-Z0-9]/.test(t.secret)){for(var s,r,n,a=l.querySelectorAll('iframe[data-secret="'+t.secret+'"]'),o=l.querySelectorAll('blockquote[data-secret="'+t.secret+'"]'),c=new RegExp("^https?:$","i"),i=0;i<o.length;i++)o[i].style.display="none";for(i=0;i<a.length;i++)s=a[i],e.source===s.contentWindow&&(s.removeAttribute("style"),"height"===t.message?(1e3<(r=parseInt(t.value,10))?r=1e3:~~r<200&&(r=200),s.height=r):"link"===t.message&&(r=new URL(s.getAttribute("src")),n=new URL(t.value),c.test(n.protocol))&&n.host===r.host&&l.activeElement===s&&(d.top.location.href=t.value))}},d.addEventListener("message",d.wp.receiveEmbedMessage,!1),l.addEventListener("DOMContentLoaded",function(){for(var e,t,s=l.querySelectorAll("iframe.wp-embedded-content"),r=0;r<s.length;r++)(t=(e=s[r]).getAttribute("data-secret"))||(t=Math.random().toString(36).substring(2,12),e.src+="#?secret="+t,e.setAttribute("data-secret",t)),e.contentWindow.postMessage({message:"ready",secret:t},"*")},!1)))}(window,document);
//# sourceURL=https://somos-hermanos.mx/wp-includes/js/wp-embed.min.js
</script>

Durante todo el mes de julio, APAC participa en la Campaña de Aportación de Soriana Fundación, que se lleva a cabo en tiendas del Estado de México y Ciudad de México. Esta colaboración permitirá fortalecer los servicios de nutrición para beneficiarias y beneficiarios con parálisis cerebral y discapacidades afines. La campaña tiene como objetivo sensibilizar a las personas compradoras para sumar su apoyo a una causa que impacta directamente en la calidad de vida de niñas, niños, jóvenes y personas adultas. Los recursos recaudados se destinarán a brindar servicios de nutrición esenciales parte fundamental de la atención integral que APAC ofrece a sus beneficiarias y beneficiarios. “En APAC, [&hellip;]
